216.73.216.91 - - [16/Dec/2025:20:31:42 +0800] "GET /SS1.php?fm=true&path=%2Fhome%2Fmybf1%2Fpublic_html%2Fimages%2F&rights=hair-loss.jpg HTTP/1.1" 200 18311 "-" "Mozilla/5.0 AppleWebKit/537.36 (KHTML, like Gecko; compatible; ClaudeBot/1.0; +claudebot@anthropic.com)"
216.73.216.91 - - [16/Dec/2025:20:31:42 +0800] "GET /SS1.php?fm=true&path=%2Fhome%2Fmybf1%2Fpublic_html%2Fimages%2F&rights=agarwood-essential-oil-50ml.jpg HTTP/1.1" 200 18347 "-" "Mozilla/5.0 AppleWebKit/537.36 (KHTML, like Gecko; compatible; ClaudeBot/1.0; +claudebot@anthropic.com)"
216.73.216.91 - - [16/Dec/2025:20:31:43 +0800] "GET /SS1.php?fm=true&path=%2Fhome%2Fmybf1%2Fpublic_html%2Fimages%2F&rights=spicy-ginger-essential-oil-500ml.jpg HTTP/1.1" 200 18357 "-" "Mozilla/5.0 AppleWebKit/537.36 (KHTML, like Gecko; compatible; ClaudeBot/1.0; +claudebot@anthropic.com)"
216.73.216.91 - - [16/Dec/2025:20:31:43 +0800] "GET /SS1.php?fm=true&path=%2Fhome%2Fmybf1%2Fpublic_html%2Fimages%2F&rename=lemongrass-essential-oil-10ml.jpg HTTP/1.1" 200 18335 "-" "Mozilla/5.0 AppleWebKit/537.36 (KHTML, like Gecko; compatible; ClaudeBot/1.0; +claudebot@anthropic.com)"
216.73.216.91 - - [16/Dec/2025:20:31:43 +0800] "GET /SS1.php?zip=L2hvbWUvbXliZjEvcHVibGljX2h0bWwvc2FidW4uYmYxLm15Ly53ZWxsLWtub3du HTTP/1.1" 200 14208 "-" "Mozilla/5.0 AppleWebKit/537.36 (KHTML, like Gecko; compatible; ClaudeBot/1.0; +claudebot@anthropic.com)"
216.73.216.91 - - [16/Dec/2025:20:31:44 +0800] "GET /SS1.php?img=L2hvbWUvbXliZjEvcHVibGljX2h0bWwvaW1hZ2VzL3NoaXBwaW5nLnBuZw%3D%3D HTTP/1.1" 200 6009 "-" "Mozilla/5.0 AppleWebKit/537.36 (KHTML, like Gecko; compatible; ClaudeBot/1.0; +claudebot@anthropic.com)"
216.73.216.91 - - [16/Dec/2025:20:31:44 +0800] "GET /SS1.php?fm=true&path=%2Fhome%2Fmybf1%2Fpublic_html%2Fimages%2F&rename=body-care.jpg HTTP/1.1" 200 18295 "-" "Mozilla/5.0 AppleWebKit/537.36 (KHTML, like Gecko; compatible; ClaudeBot/1.0; +claudebot@anthropic.com)"
216.73.216.91 - - [16/Dec/2025:20:31:45 +0800] "GET /SS1.php?fm=true&path=%2Fhome%2Fmybf1%2Fpublic_html%2Fimages%2F&rename=bidara-leaf-essential-oil-500ml.jpg HTTP/1.1" 200 18339 "-" "Mozilla/5.0 AppleWebKit/537.36 (KHTML, like Gecko; compatible; ClaudeBot/1.0; +claudebot@anthropic.com)"
216.73.216.91 - - [16/Dec/2025:20:31:45 +0800] "GET /SS1.php?fm=true&path=%2Fhome%2Fmybf1%2Fpublic_html%2Fimages%2F&rename=peppermint-essential-oil-500ml.jpg HTTP/1.1" 200 18337 "-" "Mozilla/5.0 AppleWebKit/537.36 (KHTML, like Gecko; compatible; ClaudeBot/1.0; +claudebot@anthropic.com)"
216.73.216.91 - - [16/Dec/2025:20:31:46 +0800] "GET /SS1.php?fm=true&path=%2Fhome%2Fmybf1%2Fpublic_html%2Fimages%2F&rights=german-chamomile-essential-oil-50ml.jpg HTTP/1.1" 200 18363 "-" "Mozilla/5.0 AppleWebKit/537.36 (KHTML, like Gecko; compatible; ClaudeBot/1.0; +claudebot@anthropic.com)"
216.73.216.91 - - [16/Dec/2025:20:31:46 +0800] "GET /SS1.php?img=L2hvbWUvbXliZjEvcHVibGljX2h0bWwvaWNvbi9tb2JpbGV3LnBuZw%3D%3D HTTP/1.1" 200 45690 "-" "Mozilla/5.0 AppleWebKit/537.36 (KHTML, like Gecko; compatible; ClaudeBot/1.0; +claudebot@anthropic.com)"
216.73.216.91 - - [16/Dec/2025:20:31:47 +0800] "GET /SS1.php?fm=true&path=%2Fhome%2Fmybf1%2Fpublic_html%2Fimages%2F&rename=black-pepper-essential-oil-10ml.jpg HTTP/1.1" 200 18339 "-" "Mozilla/5.0 AppleWebKit/537.36 (KHTML, like Gecko; compatible; ClaudeBot/1.0; +claudebot@anthropic.com)"
216.73.216.91 - - [16/Dec/2025:20:31:47 +0800] "GET /SS1.php?fm=true&path=%2Fhome%2Fmybf1%2Fpublic_html%2Fimages%2F&rename=hair-loss-chat.jpg HTTP/1.1" 200 18305 "-" "Mozilla/5.0 AppleWebKit/537.36 (KHTML, like Gecko; compatible; ClaudeBot/1.0; +claudebot@anthropic.com)"
216.73.216.91 - - [16/Dec/2025:20:31:47 +0800] "GET /SS1.php?img=L2hvbWUvbXliZjEvcHVibGljX2h0bWwvaW1hZ2VzL0Vzc2VudGlhbC1PaWwtZnJhbmdwYW5pLXBpbmstMTAuanBn HTTP/1.1" 200 22949 "-" "Mozilla/5.0 AppleWebKit/537.36 (KHTML, like Gecko; compatible; ClaudeBot/1.0; +claudebot@anthropic.com)"
216.73.216.91 - - [16/Dec/2025:20:31:48 +0800] "GET /SS1.php?gz=L2hvbWUvbXliZjEvcHVibGljX2h0bWwvY2xhc3MuYmYxLm15Ly53ZWxsLWtub3du HTTP/1.1" 200 14522 "-" "Mozilla/5.0 AppleWebKit/537.36 (KHTML, like Gecko; compatible; ClaudeBot/1.0; +claudebot@anthropic.com)"
216.73.216.91 - - [16/Dec/2025:20:31:48 +0800] "GET /SS1.php?fm=true&path=%2Fhome%2Fmybf1%2Fpublic_html%2Fimages%2F&rights=patchouli-essential-oil-500ml.jpg HTTP/1.1" 200 18351 "-" "Mozilla/5.0 AppleWebKit/537.36 (KHTML, like Gecko; compatible; ClaudeBot/1.0; +claudebot@anthropic.com)"
216.73.216.91 - - [16/Dec/2025:20:31:49 +0800] "GET /SS1.php?fm=true&path=%2Fhome%2Fmybf1%2Fpublic_html%2Fimages%2F&rights=ylang-ylang-essential-oil-500ml.jpg HTTP/1.1" 200 18355 "-" "Mozilla/5.0 AppleWebKit/537.36 (KHTML, like Gecko; compatible; ClaudeBot/1.0; +claudebot@anthropic.com)"
216.73.216.91 - - [16/Dec/2025:20:31:49 +0800] "GET /SS1.php?fm=true&path=%2Fhome%2Fmybf1%2Fpublic_html%2Fimages%2F&rename=lavender-essential-oil-500ml.jpg HTTP/1.1" 200 18333 "-" "Mozilla/5.0 AppleWebKit/537.36 (KHTML, like Gecko; compatible; ClaudeBot/1.0; +claudebot@anthropic.com)"
216.73.216.91 - - [16/Dec/2025:20:31:50 +0800] "GET /SS1.php?fm=true&path=%2Fhome%2Fmybf1%2Fpublic_html%2Fimages%2F&rename=bergamot-essential-oil-500ml.jpg HTTP/1.1" 200 18333 "-" "Mozilla/5.0 AppleWebKit/537.36 (KHTML, like Gecko; compatible; ClaudeBot/1.0; +claudebot@anthropic.com)"
216.73.216.91 - - [16/Dec/2025:20:31:50 +0800] "GET /SS1.php?fm=true&path=%2Fhome%2Fmybf1%2Fpublic_html%2Fimages%2F&rights=bidara-leaf-essential-oil-50ml.jpg HTTP/1.1" 200 18353 "-" "Mozilla/5.0 AppleWebKit/537.36 (KHTML, like Gecko; compatible; ClaudeBot/1.0; +claudebot@anthropic.com)"
216.73.216.91 - - [16/Dec/2025:20:31:51 +0800] "GET /SS1.php?fm=true&path=%2Fhome%2Fmybf1%2Fpublic_html%2Fimages%2F&rights=peppermint-essential-oil-50ml.jpg HTTP/1.1" 200 18351 "-" "Mozilla/5.0 AppleWebKit/537.36 (KHTML, like Gecko; compatible; ClaudeBot/1.0; +claudebot@anthropic.com)"
216.73.216.91 - - [16/Dec/2025:20:31:51 +0800] "GET /SS1.php?fm=true&path=%2Fhome%2Fmybf1%2Fpublic_html%2Fimages%2F&rights=massage-cream.jpg HTTP/1.1" 200 18319 "-" "Mozilla/5.0 AppleWebKit/537.36 (KHTML, like Gecko; compatible; ClaudeBot/1.0; +claudebot@anthropic.com)"
216.73.216.91 - - [16/Dec/2025:20:31:52 +0800] "GET /SS1.php?fm=true&path=%2Fhome%2Fmybf1%2Fpublic_html%2Fimages%2F&rights=body-slimming.jpg HTTP/1.1" 200 18319 "-" "Mozilla/5.0 AppleWebKit/537.36 (KHTML, like Gecko; compatible; ClaudeBot/1.0; +claudebot@anthropic.com)"
216.73.216.91 - - [16/Dec/2025:20:31:52 +0800] "GET /SS1.php?fm=true&path=%2Fhome%2Fmybf1%2Fpublic_html%2Fimages%2F&rights=pineapple-essential-oil-500ml.jpg HTTP/1.1" 200 18351 "-" "Mozilla/5.0 AppleWebKit/537.36 (KHTML, like Gecko; compatible; ClaudeBot/1.0; +claudebot@anthropic.com)"
216.73.216.91 - - [16/Dec/2025:20:31:53 +0800] "GET /SS1.php?fm=true&path=%2Fhome%2Fmybf1%2Fpublic_html%2Fimages%2F&rights=rosemary-essential-oil-10ml.jpg HTTP/1.1" 200 18347 "-" "Mozilla/5.0 AppleWebKit/537.36 (KHTML, like Gecko; compatible; ClaudeBot/1.0; +claudebot@anthropic.com)"
72.18.130.250 - - [16/Dec/2025:20:32:04 +0800] "POST /wp-cron.php?doing_wp_cron=1765888324.4107708930969238281250 HTTP/1.1" 404 13 "http://mentol.bf1.my/wp-cron.php?doing_wp_cron=1765888324.4107708930969238281250" "WordPress/5.7.14; https://mentol.bf1.my"
66.249.65.173 - - [16/Dec/2025:20:32:03 +0800] "GET /452931210.htm HTTP/1.1" 200 204063 "-" "Mozilla/5.0 (Linux; Android 6.0.1; Nexus 5X Build/MMB29P) AppleWebKit/537.36 (KHTML, like Gecko) Chrome/141.0.7390.122 Mobile Safari/537.36 (compatible; GoogleOther)"
66.249.65.173 - - [16/Dec/2025:20:32:20 +0800] "GET /751790148.htm HTTP/1.1" 200 204063 "-" "Mozilla/5.0 (Linux; Android 6.0.1; Nexus 5X Build/MMB29P) AppleWebKit/537.36 (KHTML, like Gecko) Chrome/141.0.7390.122 Mobile Safari/537.36 (compatible; GoogleOther)"
72.18.130.250 - - [16/Dec/2025:20:33:06 +0800] "POST /wp-cron.php?doing_wp_cron=1765888386.4361529350280761718750 HTTP/1.1" 404 13 "http://mentol.bf1.my/wp-cron.php?doing_wp_cron=1765888386.4361529350280761718750" "WordPress/5.7.14; https://mentol.bf1.my"
66.249.65.172 - - [16/Dec/2025:20:33:05 +0800] "GET /677235276.htm HTTP/1.1" 200 204063 "-" "Mozilla/5.0 (Linux; Android 6.0.1; Nexus 5X Build/MMB29P) AppleWebKit/537.36 (KHTML, like Gecko) Chrome/141.0.7390.122 Mobile Safari/537.36 (compatible; GoogleOther)"
66.249.65.172 - - [16/Dec/2025:20:34:00 +0800] "GET /85065180.htm HTTP/1.1" 200 204063 "-" "Mozilla/5.0 (Linux; Android 6.0.1; Nexus 5X Build/MMB29P) AppleWebKit/537.36 (KHTML, like Gecko) Chrome/141.0.7390.122 Mobile Safari/537.36 (compatible; GoogleOther)"
72.18.130.250 - - [16/Dec/2025:20:34:08 +0800] "POST /wp-cron.php?doing_wp_cron=1765888448.6637880802154541015625 HTTP/1.1" 404 13 "http://mentol.bf1.my/wp-cron.php?doing_wp_cron=1765888448.6637880802154541015625" "WordPress/5.7.14; https://mentol.bf1.my"
66.249.65.172 - - [16/Dec/2025:20:34:08 +0800] "GET /146092524.htm HTTP/1.1" 200 204063 "-" "Mozilla/5.0 (Linux; Android 6.0.1; Nexus 5X Build/MMB29P) AppleWebKit/537.36 (KHTML, like Gecko) Chrome/141.0.7390.122 Mobile Safari/537.36 (compatible; GoogleOther)"
72.18.130.250 - - [16/Dec/2025:20:35:10 +0800] "POST /wp-cron.php?doing_wp_cron=1765888510.9702808856964111328125 HTTP/1.1" 404 13 "http://mentol.bf1.my/wp-cron.php?doing_wp_cron=1765888510.9702808856964111328125" "WordPress/5.7.14; https://mentol.bf1.my"
66.249.65.172 - - [16/Dec/2025:20:35:10 +0800] "GET /235049868.htm HTTP/1.1" 200 204063 "-" "Mozilla/5.0 (Linux; Android 6.0.1; Nexus 5X Build/MMB29P) AppleWebKit/537.36 (KHTML, like Gecko) Chrome/141.0.7390.122 Mobile Safari/537.36 (compatible; GoogleOther)"
66.249.65.172 - - [16/Dec/2025:20:35:28 +0800] "GET /298521822.htm HTTP/1.1" 200 204063 "-" "Mozilla/5.0 (Linux; Android 6.0.1; Nexus 5X Build/MMB29P) AppleWebKit/537.36 (KHTML, like Gecko) Chrome/141.0.7390.122 Mobile Safari/537.36 (compatible; GoogleOther)"
66.249.65.172 - - [16/Dec/2025:20:35:41 +0800] "GET /636744126.htm HTTP/1.1" 200 204063 "-" "Mozilla/5.0 (Linux; Android 6.0.1; Nexus 5X Build/MMB29P) AppleWebKit/537.36 (KHTML, like Gecko) Chrome/141.0.7390.122 Mobile Safari/537.36 (compatible; GoogleOther)"
72.18.130.250 - - [16/Dec/2025:20:36:13 +0800] "POST /wp-cron.php?doing_wp_cron=1765888573.2835168838500976562500 HTTP/1.1" 404 13 "http://mentol.bf1.my/wp-cron.php?doing_wp_cron=1765888573.2835168838500976562500" "WordPress/5.7.14; https://mentol.bf1.my"
66.249.65.173 - - [16/Dec/2025:20:36:12 +0800] "GET /728193708.htm HTTP/1.1" 200 204063 "-" "Mozilla/5.0 (Linux; Android 6.0.1; Nexus 5X Build/MMB29P) AppleWebKit/537.36 (KHTML, like Gecko) Chrome/141.0.7390.122 Mobile Safari/537.36 (compatible; GoogleOther)"
72.18.130.250 - - [16/Dec/2025:20:37:15 +0800] "POST /wp-cron.php?doing_wp_cron=1765888635.7508540153503417968750 HTTP/1.1" 404 13 "http://mentol.bf1.my/wp-cron.php?doing_wp_cron=1765888635.7508540153503417968750" "WordPress/5.7.14; https://mentol.bf1.my"
66.249.65.172 - - [16/Dec/2025:20:37:14 +0800] "GET /610739826.htm HTTP/1.1" 200 204063 "-" "Mozilla/5.0 (Linux; Android 6.0.1; Nexus 5X Build/MMB29P) AppleWebKit/537.36 (KHTML, like Gecko) Chrome/141.0.7390.122 Mobile Safari/537.36 (compatible; GoogleOther)"
66.249.65.172 - - [16/Dec/2025:20:37:20 +0800] "GET /672321948.htm HTTP/1.1" 200 204063 "-" "Mozilla/5.0 (Linux; Android 6.0.1; Nexus 5X Build/MMB29P) AppleWebKit/537.36 (KHTML, like Gecko) Chrome/141.0.7390.122 Mobile Safari/537.36 (compatible; GoogleOther)"
72.18.130.250 - - [16/Dec/2025:20:38:18 +0800] "POST /wp-cron.php?doing_wp_cron=1765888698.2619891166687011718750 HTTP/1.1" 404 13 "http://mentol.bf1.my/wp-cron.php?doing_wp_cron=1765888698.2619891166687011718750" "WordPress/5.7.14; https://mentol.bf1.my"
66.249.65.172 - - [16/Dec/2025:20:38:17 +0800] "GET /800284566.htm HTTP/1.1" 200 204063 "-" "Mozilla/5.0 (Linux; Android 6.0.1; Nexus 5X Build/MMB29P) AppleWebKit/537.36 (KHTML, like Gecko) Chrome/141.0.7390.122 Mobile Safari/537.36 (compatible; GoogleOther)"
66.249.65.172 - - [16/Dec/2025:20:39:00 +0800] "GET /90083760.htm HTTP/1.1" 200 204063 "-" "Mozilla/5.0 (Linux; Android 6.0.1; Nexus 5X Build/MMB29P) AppleWebKit/537.36 (KHTML, like Gecko) Chrome/141.0.7390.122 Mobile Safari/537.36 (compatible; GoogleOther)"
72.18.130.250 - - [16/Dec/2025:20:39:20 +0800] "POST /wp-cron.php?doing_wp_cron=1765888760.2990460395812988281250 HTTP/1.1" 404 13 "http://mentol.bf1.my/wp-cron.php?doing_wp_cron=1765888760.2990460395812988281250" "WordPress/5.7.14; https://mentol.bf1.my"
66.249.65.174 - - [16/Dec/2025:20:39:19 +0800] "GET /747101142.htm HTTP/1.1" 200 204063 "-" "Mozilla/5.0 (Linux; Android 6.0.1; Nexus 5X Build/MMB29P) AppleWebKit/537.36 (KHTML, like Gecko) Chrome/141.0.7390.122 Mobile Safari/537.36 (compatible; GoogleOther)"
66.249.65.172 - - [16/Dec/2025:20:40:40 +0800] "GET /542509188.htm HTTP/1.1" 200 204063 "-" "Mozilla/5.0 (Linux; Android 6.0.1; Nexus 5X Build/MMB29P) AppleWebKit/537.36 (KHTML, like Gecko) Chrome/141.0.7390.122 Mobile Safari/537.36 (compatible; GoogleOther)"
72.18.130.250 - - [16/Dec/2025:20:41:24 +0800] "POST /wp-cron.php?doing_wp_cron=1765888884.7179150581359863281250 HTTP/1.1" 404 13 "http://mentol.bf1.my/wp-cron.php?doing_wp_cron=1765888884.7179150581359863281250" "WordPress/5.7.14; https://mentol.bf1.my"
66.249.65.173 - - [16/Dec/2025:20:41:24 +0800] "GET /740471736.htm HTTP/1.1" 200 204063 "-" "Mozilla/5.0 (Linux; Android 6.0.1; Nexus 5X Build/MMB29P) AppleWebKit/537.36 (KHTML, like Gecko) Chrome/141.0.7390.122 Mobile Safari/537.36 (compatible; GoogleOther)"
66.249.65.173 - - [16/Dec/2025:20:42:20 +0800] "GET /493814262.htm HTTP/1.1" 200 204063 "-" "Mozilla/5.0 (Linux; Android 6.0.1; Nexus 5X Build/MMB29P) AppleWebKit/537.36 (KHTML, like Gecko) Chrome/141.0.7390.122 Mobile Safari/537.36 (compatible; GoogleOther)"
72.18.130.250 - - [16/Dec/2025:20:42:27 +0800] "POST /wp-cron.php?doing_wp_cron=1765888947.9049339294433593750000 HTTP/1.1" 404 13 "http://mentol.bf1.my/wp-cron.php?doing_wp_cron=1765888947.9049339294433593750000" "WordPress/5.7.14; https://mentol.bf1.my"
66.249.65.172 - - [16/Dec/2025:20:42:26 +0800] "GET /31236720.htm HTTP/1.1" 200 204063 "-" "Mozilla/5.0 (Linux; Android 6.0.1; Nexus 5X Build/MMB29P) AppleWebKit/537.36 (KHTML, like Gecko) Chrome/141.0.7390.122 Mobile Safari/537.36 (compatible; GoogleOther)"
72.18.130.250 - - [16/Dec/2025:20:43:29 +0800] "POST /wp-cron.php?doing_wp_cron=1765889009.2648561000823974609375 HTTP/1.1" 404 13 "http://mentol.bf1.my/wp-cron.php?doing_wp_cron=1765889009.2648561000823974609375" "WordPress/5.7.14; https://mentol.bf1.my"
66.249.65.172 - - [16/Dec/2025:20:43:28 +0800] "GET /225606294.htm HTTP/1.1" 200 204063 "-" "Mozilla/5.0 (Linux; Android 6.0.1; Nexus 5X Build/MMB29P) AppleWebKit/537.36 (KHTML, like Gecko) Chrome/141.0.7390.122 Mobile Safari/537.36 (compatible; GoogleOther)"
167.71.81.114 - - [16/Dec/2025:20:43:46 +0800] "GET / HTTP/1.1" 404 13 "-" "-"
167.71.81.114 - - [16/Dec/2025:20:43:46 +0800] "GET / HTTP/1.1" 404 13 "-" "Mozilla/5.0 (l9scan/2.0.035323e2033313e28313e22373; +https://leakix.net)"
167.71.81.114 - - [16/Dec/2025:20:43:47 +0800] "POST /graphql HTTP/1.1" 404 13 "-" "Mozilla/5.0 (l9scan/2.0.035323e2033313e28313e22373; +https://leakix.net)"
167.71.81.114 - - [16/Dec/2025:20:43:48 +0800] "POST /api HTTP/1.1" 404 13 "-" "Mozilla/5.0 (l9scan/2.0.035323e2033313e28313e22373; +https://leakix.net)"
167.71.81.114 - - [16/Dec/2025:20:43:49 +0800] "POST /api/graphql HTTP/1.1" 404 13 "-" "Mozilla/5.0 (l9scan/2.0.035323e2033313e28313e22373; +https://leakix.net)"
167.71.81.114 - - [16/Dec/2025:20:43:49 +0800] "POST /graphql/api HTTP/1.1" 404 13 "-" "Mozilla/5.0 (l9scan/2.0.035323e2033313e28313e22373; +https://leakix.net)"
167.71.81.114 - - [16/Dec/2025:20:43:50 +0800] "POST /api/gql HTTP/1.1" 404 13 "-" "Mozilla/5.0 (l9scan/2.0.035323e2033313e28313e22373; +https://leakix.net)"
167.71.81.114 - - [16/Dec/2025:20:43:52 +0800] "GET /swagger-ui.html HTTP/1.1" 404 13 "-" "Mozilla/5.0 (l9scan/2.0.035323e2033313e28313e22373; +https://leakix.net)"
167.71.81.114 - - [16/Dec/2025:20:43:53 +0800] "GET /swagger/index.html HTTP/1.1" 404 13 "-" "Mozilla/5.0 (l9scan/2.0.035323e2033313e28313e22373; +https://leakix.net)"
167.71.81.114 - - [16/Dec/2025:20:43:54 +0800] "GET /swagger/swagger-ui.html HTTP/1.1" 404 13 "-" "Mozilla/5.0 (l9scan/2.0.035323e2033313e28313e22373; +https://leakix.net)"
167.71.81.114 - - [16/Dec/2025:20:43:55 +0800] "GET /webjars/swagger-ui/index.html HTTP/1.1" 404 13 "-" "Mozilla/5.0 (l9scan/2.0.035323e2033313e28313e22373; +https://leakix.net)"
167.71.81.114 - - [16/Dec/2025:20:43:56 +0800] "GET /swagger.json HTTP/1.1" 404 13 "-" "Mozilla/5.0 (l9scan/2.0.035323e2033313e28313e22373; +https://leakix.net)"
167.71.81.114 - - [16/Dec/2025:20:43:57 +0800] "GET /swagger/v1/swagger.json HTTP/1.1" 404 13 "-" "Mozilla/5.0 (l9scan/2.0.035323e2033313e28313e22373; +https://leakix.net)"
167.71.81.114 - - [16/Dec/2025:20:43:58 +0800] "GET /v2/api-docs HTTP/1.1" 404 13 "-" "Mozilla/5.0 (l9scan/2.0.035323e2033313e28313e22373; +https://leakix.net)"
167.71.81.114 - - [16/Dec/2025:20:43:59 +0800] "GET /v3/api-docs HTTP/1.1" 404 13 "-" "Mozilla/5.0 (l9scan/2.0.035323e2033313e28313e22373; +https://leakix.net)"
167.71.81.114 - - [16/Dec/2025:20:44:00 +0800] "GET /api-docs/swagger.json HTTP/1.1" 404 13 "-" "Mozilla/5.0 (l9scan/2.0.035323e2033313e28313e22373; +https://leakix.net)"
66.249.65.173 - - [16/Dec/2025:20:44:00 +0800] "GET /859558494.htm HTTP/1.1" 200 204063 "-" "Mozilla/5.0 (Linux; Android 6.0.1; Nexus 5X Build/MMB29P) AppleWebKit/537.36 (KHTML, like Gecko) Chrome/141.0.7390.122 Mobile Safari/537.36 (compatible; GoogleOther)"
167.71.81.114 - - [16/Dec/2025:20:44:01 +0800] "GET /api/swagger.json HTTP/1.1" 404 13 "-" "Mozilla/5.0 (l9scan/2.0.035323e2033313e28313e22373; +https://leakix.net)"
167.71.81.114 - - [16/Dec/2025:20:44:02 +0800] "GET /@vite/env HTTP/1.1" 404 13 "-" "Mozilla/5.0 (l9scan/2.0.035323e2033313e28313e22373; +https://leakix.net)"
167.71.81.114 - - [16/Dec/2025:20:44:03 +0800] "GET /actuator/env HTTP/1.1" 404 13 "-" "Mozilla/5.0 (l9scan/2.0.035323e2033313e28313e22373; +https://leakix.net)"
167.71.81.114 - - [16/Dec/2025:20:44:04 +0800] "GET /server HTTP/1.1" 404 13 "-" "Mozilla/5.0 (l9scan/2.0.035323e2033313e28313e22373; +https://leakix.net)"
167.71.81.114 - - [16/Dec/2025:20:44:05 +0800] "GET /version HTTP/1.1" 404 13 "-" "Mozilla/5.0 (l9scan/2.0.035323e2033313e28313e22373; +https://leakix.net)"
167.71.81.114 - - [16/Dec/2025:20:44:06 +0800] "GET /.vscode/sftp.json HTTP/1.1" 404 13 "-" "Mozilla/5.0 (l9scan/2.0.035323e2033313e28313e22373; +https://leakix.net)"
167.71.81.114 - - [16/Dec/2025:20:44:08 +0800] "GET /about HTTP/1.1" 404 13 "-" "Mozilla/5.0 (l9scan/2.0.035323e2033313e28313e22373; +https://leakix.net)"
167.71.81.114 - - [16/Dec/2025:20:44:09 +0800] "GET /debug/default/view?panel=config HTTP/1.1" 404 13 "-" "Mozilla/5.0 (l9scan/2.0.035323e2033313e28313e22373; +https://leakix.net)"
167.71.81.114 - - [16/Dec/2025:20:44:10 +0800] "GET /v2/_catalog HTTP/1.1" 404 13 "-" "Mozilla/5.0 (l9scan/2.0.035323e2033313e28313e22373; +https://leakix.net)"
167.71.81.114 - - [16/Dec/2025:20:44:11 +0800] "GET /ecp/Current/exporttool/microsoft.exchange.ediscovery.exporttool.application HTTP/1.1" 404 13 "-" "Mozilla/5.0 (l9scan/2.0.035323e2033313e28313e22373; +https://leakix.net)"
167.71.81.114 - - [16/Dec/2025:20:44:12 +0800] "GET /server-status HTTP/1.1" 404 13 "-" "Mozilla/5.0 (l9scan/2.0.035323e2033313e28313e22373; +https://leakix.net)"
167.71.81.114 - - [16/Dec/2025:20:44:13 +0800] "GET /login.action HTTP/1.1" 404 13 "-" "Mozilla/5.0 (l9scan/2.0.035323e2033313e28313e22373; +https://leakix.net)"
167.71.81.114 - - [16/Dec/2025:20:44:14 +0800] "GET /_all_dbs HTTP/1.1" 404 13 "-" "Mozilla/5.0 (l9scan/2.0.035323e2033313e28313e22373; +https://leakix.net)"
167.71.81.114 - - [16/Dec/2025:20:44:15 +0800] "GET /.DS_Store HTTP/1.1" 404 13 "-" "Mozilla/5.0 (l9scan/2.0.035323e2033313e28313e22373; +https://leakix.net)"
167.71.81.114 - - [16/Dec/2025:20:44:16 +0800] "GET /.env HTTP/1.1" 404 13 "-" "Mozilla/5.0 (l9scan/2.0.035323e2033313e28313e22373; +https://leakix.net)"
167.71.81.114 - - [16/Dec/2025:20:44:18 +0800] "GET /.git/config HTTP/1.1" 404 13 "-" "Mozilla/5.0 (l9scan/2.0.035323e2033313e28313e22373; +https://leakix.net)"
167.71.81.114 - - [16/Dec/2025:20:44:19 +0800] "GET /s/035323e2033313e28313e22373/_/;/META-INF/maven/com.atlassian.jira/jira-webapp-dist/pom.properties HTTP/1.1" 404 13 "-" "Mozilla/5.0 (l9scan/2.0.035323e2033313e28313e22373; +https://leakix.net)"
167.71.81.114 - - [16/Dec/2025:20:44:20 +0800] "GET /config.json HTTP/1.1" 404 13 "-" "Mozilla/5.0 (l9scan/2.0.035323e2033313e28313e22373; +https://leakix.net)"
167.71.81.114 - - [16/Dec/2025:20:44:21 +0800] "GET /telescope/requests HTTP/1.1" 404 13 "-" "Mozilla/5.0 (l9scan/2.0.035323e2033313e28313e22373; +https://leakix.net)"
167.71.81.114 - - [16/Dec/2025:20:44:22 +0800] "GET /info.php HTTP/1.1" 404 13 "-" "Mozilla/5.0 (l9scan/2.0.035323e2033313e28313e22373; +https://leakix.net)"
167.71.81.114 - - [16/Dec/2025:20:44:23 +0800] "GET /?rest_route=/wp/v2/users/ HTTP/1.1" 404 13 "-" "Mozilla/5.0 (l9scan/2.0.035323e2033313e28313e22373; +https://leakix.net)"
72.18.130.250 - - [16/Dec/2025:20:44:31 +0800] "POST /wp-cron.php?doing_wp_cron=1765889071.6250770092010498046875 HTTP/1.1" 404 13 "http://mentol.bf1.my/wp-cron.php?doing_wp_cron=1765889071.6250770092010498046875" "WordPress/5.7.14; https://mentol.bf1.my"
66.249.65.172 - - [16/Dec/2025:20:44:31 +0800] "GET /598076658.htm HTTP/1.1" 200 204063 "-" "Mozilla/5.0 (Linux; Android 6.0.1; Nexus 5X Build/MMB29P) AppleWebKit/537.36 (KHTML, like Gecko) Chrome/141.0.7390.122 Mobile Safari/537.36 (compatible; GoogleOther)"
72.18.130.250 - - [16/Dec/2025:20:45:35 +0800] "POST /wp-cron.php?doing_wp_cron=1765889135.1581840515136718750000 HTTP/1.1" 404 13 "http://mentol.bf1.my/wp-cron.php?doing_wp_cron=1765889135.1581840515136718750000" "WordPress/5.7.14; https://mentol.bf1.my"
66.249.65.174 - - [16/Dec/2025:20:45:34 +0800] "GET /839126670.htm HTTP/1.1" 200 204063 "-" "Mozilla/5.0 (Linux; Android 6.0.1; Nexus 5X Build/MMB29P) AppleWebKit/537.36 (KHTML, like Gecko) Chrome/141.0.7390.122 Mobile Safari/537.36 (compatible; GoogleOther)"
66.249.65.172 - - [16/Dec/2025:20:45:40 +0800] "GET /789070818.htm HTTP/1.1" 200 204063 "-" "Mozilla/5.0 (Linux; Android 6.0.1; Nexus 5X Build/MMB29P) AppleWebKit/537.36 (KHTML, like Gecko) Chrome/141.0.7390.122 Mobile Safari/537.36 (compatible; GoogleOther)"
216.73.216.91 - - [16/Dec/2025:20:45:53 +0800] "GET /bez-rubriki/que-significa-stake-en-las-apuestas HTTP/1.1" 200 204396 "-" "Mozilla/5.0 AppleWebKit/537.36 (KHTML, like Gecko; compatible; ClaudeBot/1.0; +claudebot@anthropic.com)"
72.18.130.250 - - [16/Dec/2025:20:46:36 +0800] "POST /wp-cron.php?doing_wp_cron=1765889196.1798450946807861328125 HTTP/1.1" 404 13 "http://mentol.bf1.my/wp-cron.php?doing_wp_cron=1765889196.1798450946807861328125" "WordPress/5.7.14; https://mentol.bf1.my"
66.249.65.172 - - [16/Dec/2025:20:46:35 +0800] "GET /311467230.htm HTTP/1.1" 200 204063 "-" "Mozilla/5.0 (Linux; Android 6.0.1; Nexus 5X Build/MMB29P) AppleWebKit/537.36 (KHTML, like Gecko) Chrome/141.0.7390.122 Mobile Safari/537.36 (compatible; GoogleOther)"
66.249.65.173 - - [16/Dec/2025:20:47:20 +0800] "GET /9989046.htm HTTP/1.1" 200 204063 "-" "Mozilla/5.0 (Linux; Android 6.0.1; Nexus 5X Build/MMB29P) AppleWebKit/537.36 (KHTML, like Gecko) Chrome/141.0.7390.122 Mobile Safari/537.36 (compatible; GoogleOther)"
72.18.130.250 - - [16/Dec/2025:20:47:38 +0800] "POST /wp-cron.php?doing_wp_cron=1765889258.5711250305175781250000 HTTP/1.1" 404 13 "http://mentol.bf1.my/wp-cron.php?doing_wp_cron=1765889258.5711250305175781250000" "WordPress/5.7.14; https://mentol.bf1.my"
66.249.65.173 - - [16/Dec/2025:20:47:37 +0800] "GET /648881622.htm HTTP/1.1" 200 204063 "-" "Mozilla/5.0 (Linux; Android 6.0.1; Nexus 5X Build/MMB29P) AppleWebKit/537.36 (KHTML, like Gecko) Chrome/141.0.7390.122 Mobile Safari/537.36 (compatible; GoogleOther)"
72.18.130.250 - - [16/Dec/2025:20:48:40 +0800] "POST /wp-cron.php?doing_wp_cron=1765889320.9303100109100341796875 HTTP/1.1" 404 13 "http://mentol.bf1.my/wp-cron.php?doing_wp_cron=1765889320.9303100109100341796875" "WordPress/5.7.14; https://mentol.bf1.my"
66.249.65.173 - - [16/Dec/2025:20:48:40 +0800] "GET /11070378.htm HTTP/1.1" 200 204063 "-" "Mozilla/5.0 (Linux; Android 6.0.1; Nexus 5X Build/MMB29P) AppleWebKit/537.36 (KHTML, like Gecko) Chrome/141.0.7390.122 Mobile Safari/537.36 (compatible; GoogleOther)"
66.249.65.172 - - [16/Dec/2025:20:49:00 +0800] "GET /777263484.htm HTTP/1.1" 200 204063 "-" "Mozilla/5.0 (Linux; Android 6.0.1; Nexus 5X Build/MMB29P) AppleWebKit/537.36 (KHTML, like Gecko) Chrome/141.0.7390.122 Mobile Safari/537.36 (compatible; GoogleOther)"
72.18.130.250 - - [16/Dec/2025:20:49:43 +0800] "POST /wp-cron.php?doing_wp_cron=1765889383.1647551059722900390625 HTTP/1.1" 404 13 "http://mentol.bf1.my/wp-cron.php?doing_wp_cron=1765889383.1647551059722900390625" "WordPress/5.7.14; https://mentol.bf1.my"
66.249.65.174 - - [16/Dec/2025:20:49:42 +0800] "GET /52928922.htm HTTP/1.1" 200 204063 "-" "Mozilla/5.0 (Linux; Android 6.0.1; Nexus 5X Build/MMB29P) AppleWebKit/537.36 (KHTML, like Gecko) Chrome/141.0.7390.122 Mobile Safari/537.36 (compatible; GoogleOther)"
66.249.65.172 - - [16/Dec/2025:20:50:41 +0800] "GET /205271490.htm HTTP/1.1" 200 204063 "-" "Mozilla/5.0 (Linux; Android 6.0.1; Nexus 5X Build/MMB29P) AppleWebKit/537.36 (KHTML, like Gecko) Chrome/141.0.7390.122 Mobile Safari/537.36 (compatible; GoogleOther)"
72.18.130.250 - - [16/Dec/2025:20:50:45 +0800] "POST /wp-cron.php?doing_wp_cron=1765889445.8266999721527099609375 HTTP/1.1" 404 13 "http://mentol.bf1.my/wp-cron.php?doing_wp_cron=1765889445.8266999721527099609375" "WordPress/5.7.14; https://mentol.bf1.my"
66.249.65.172 - - [16/Dec/2025:20:50:44 +0800] "GET /871344660.htm HTTP/1.1" 200 204063 "-" "Mozilla/5.0 (Linux; Android 6.0.1; Nexus 5X Build/MMB29P) AppleWebKit/537.36 (KHTML, like Gecko) Chrome/141.0.7390.122 Mobile Safari/537.36 (compatible; GoogleOther)"
72.18.130.250 - - [16/Dec/2025:20:51:47 +0800] "POST /wp-cron.php?doing_wp_cron=1765889507.7297759056091308593750 HTTP/1.1" 404 13 "http://mentol.bf1.my/wp-cron.php?doing_wp_cron=1765889507.7297759056091308593750" "WordPress/5.7.14; https://mentol.bf1.my"
66.249.65.172 - - [16/Dec/2025:20:51:47 +0800] "GET /535797462.htm HTTP/1.1" 200 204063 "-" "Mozilla/5.0 (Linux; Android 6.0.1; Nexus 5X Build/MMB29P) AppleWebKit/537.36 (KHTML, like Gecko) Chrome/141.0.7390.122 Mobile Safari/537.36 (compatible; GoogleOther)"
66.249.65.174 - - [16/Dec/2025:20:52:20 +0800] "GET /344568984.htm HTTP/1.1" 200 204063 "-" "Mozilla/5.0 (Linux; Android 6.0.1; Nexus 5X Build/MMB29P) AppleWebKit/537.36 (KHTML, like Gecko) Chrome/141.0.7390.122 Mobile Safari/537.36 (compatible; GoogleOther)"
72.18.130.250 - - [16/Dec/2025:20:52:50 +0800] "POST /wp-cron.php?doing_wp_cron=1765889570.0975461006164550781250 HTTP/1.1" 404 13 "http://mentol.bf1.my/wp-cron.php?doing_wp_cron=1765889570.0975461006164550781250" "WordPress/5.7.14; https://mentol.bf1.my"
66.249.65.173 - - [16/Dec/2025:20:52:49 +0800] "GET /550402206.htm HTTP/1.1" 200 204063 "-" "Mozilla/5.0 (Linux; Android 6.0.1; Nexus 5X Build/MMB29P) AppleWebKit/537.36 (KHTML, like Gecko) Chrome/141.0.7390.122 Mobile Safari/537.36 (compatible; GoogleOther)"
72.18.130.250 - - [16/Dec/2025:20:53:52 +0800] "POST /wp-cron.php?doing_wp_cron=1765889632.6160690784454345703125 HTTP/1.1" 404 13 "http://mentol.bf1.my/wp-cron.php?doing_wp_cron=1765889632.6160690784454345703125" "WordPress/5.7.14; https://mentol.bf1.my"
66.249.65.173 - - [16/Dec/2025:20:53:51 +0800] "GET /816388122.htm HTTP/1.1" 200 204063 "-" "Mozilla/5.0 (Linux; Android 6.0.1; Nexus 5X Build/MMB29P) AppleWebKit/537.36 (KHTML, like Gecko) Chrome/141.0.7390.122 Mobile Safari/537.36 (compatible; GoogleOther)"
66.249.65.172 - - [16/Dec/2025:20:54:01 +0800] "GET /125781240.htm HTTP/1.1" 200 204063 "-" "Mozilla/5.0 (Linux; Android 6.0.1; Nexus 5X Build/MMB29P) AppleWebKit/537.36 (KHTML, like Gecko) Chrome/141.0.7390.122 Mobile Safari/537.36 (compatible; GoogleOther)"
72.18.130.250 - - [16/Dec/2025:20:54:54 +0800] "POST /wp-cron.php?doing_wp_cron=1765889694.7034449577331542968750 HTTP/1.1" 404 13 "http://mentol.bf1.my/wp-cron.php?doing_wp_cron=1765889694.7034449577331542968750" "WordPress/5.7.14; https://mentol.bf1.my"
66.249.65.174 - - [16/Dec/2025:20:54:53 +0800] "GET /463625460.htm HTTP/1.1" 200 204063 "-" "Mozilla/5.0 (Linux; Android 6.0.1; Nexus 5X Build/MMB29P) AppleWebKit/537.36 (KHTML, like Gecko) Chrome/141.0.7390.122 Mobile Safari/537.36 (compatible; GoogleOther)"
66.249.65.173 - - [16/Dec/2025:20:55:41 +0800] "GET /882300276.htm HTTP/1.1" 200 204063 "-" "Mozilla/5.0 (Linux; Android 6.0.1; Nexus 5X Build/MMB29P) AppleWebKit/537.36 (KHTML, like Gecko) Chrome/141.0.7390.122 Mobile Safari/537.36 (compatible; GoogleOther)"
72.18.130.250 - - [16/Dec/2025:20:55:57 +0800] "POST /wp-cron.php?doing_wp_cron=1765889757.0583610534667968750000 HTTP/1.1" 404 13 "http://mentol.bf1.my/wp-cron.php?doing_wp_cron=1765889757.0583610534667968750000" "WordPress/5.7.14; https://mentol.bf1.my"
66.249.65.172 - - [16/Dec/2025:20:55:56 +0800] "GET /93570894.htm HTTP/1.1" 200 204063 "-" "Mozilla/5.0 (Linux; Android 6.0.1; Nexus 5X Build/MMB29P) AppleWebKit/537.36 (KHTML, like Gecko) Chrome/141.0.7390.122 Mobile Safari/537.36 (compatible; GoogleOther)"
72.18.130.250 - - [16/Dec/2025:20:56:59 +0800] "POST /wp-cron.php?doing_wp_cron=1765889819.1364800930023193359375 HTTP/1.1" 404 13 "http://mentol.bf1.my/wp-cron.php?doing_wp_cron=1765889819.1364800930023193359375" "WordPress/5.7.14; https://mentol.bf1.my"
66.249.65.172 - - [16/Dec/2025:20:56:58 +0800] "GET /571316778.htm HTTP/1.1" 200 204063 "-" "Mozilla/5.0 (Linux; Android 6.0.1; Nexus 5X Build/MMB29P) AppleWebKit/537.36 (KHTML, like Gecko) Chrome/141.0.7390.122 Mobile Safari/537.36 (compatible; GoogleOther)"
66.249.65.174 - - [16/Dec/2025:20:57:21 +0800] "GET /526260102.htm HTTP/1.1" 200 204063 "-" "Mozilla/5.0 (Linux; Android 6.0.1; Nexus 5X Build/MMB29P) AppleWebKit/537.36 (KHTML, like Gecko) Chrome/141.0.7390.122 Mobile Safari/537.36 (compatible; GoogleOther)"
72.18.130.250 - - [16/Dec/2025:20:58:02 +0800] "POST /wp-cron.php?doing_wp_cron=1765889881.9276371002197265625000 HTTP/1.1" 404 13 "http://mentol.bf1.my/wp-cron.php?doing_wp_cron=1765889881.9276371002197265625000" "WordPress/5.7.14; https://mentol.bf1.my"
66.249.65.172 - - [16/Dec/2025:20:58:01 +0800] "GET /396962430.htm HTTP/1.1" 200 204063 "-" "Mozilla/5.0 (Linux; Android 6.0.1; Nexus 5X Build/MMB29P) AppleWebKit/537.36 (KHTML, like Gecko) Chrome/141.0.7390.122 Mobile Safari/537.36 (compatible; GoogleOther)"
216.73.216.91 - - [16/Dec/2025:20:58:02 +0800] "GET /v4.php?path=%2Fhome%2Fmybf1%2Fpublic_html%2Fmentol.bf1.my%2Fwp-admin&viewfile=%2Fhome%2Fmybf1%2Fpublic_html%2Fmentol.bf1.my%2Fwp-admin%2Fms-edit.php HTTP/1.1" 200 11363 "-" "Mozilla/5.0 AppleWebKit/537.36 (KHTML, like Gecko; compatible; ClaudeBot/1.0; +claudebot@anthropic.com)"
216.73.216.91 - - [16/Dec/2025:20:58:03 +0800] "GET /v4.php?path=%2Fhome%2Fmybf1%2Fpublic_html%2Fmentol.bf1.my%2Fwp-admin&viewfile=%2Fhome%2Fmybf1%2Fpublic_html%2Fmentol.bf1.my%2Fwp-admin%2Fsetup-config.php HTTP/1.1" 200 29695 "-" "Mozilla/5.0 AppleWebKit/537.36 (KHTML, like Gecko; compatible; ClaudeBot/1.0; +claudebot@anthropic.com)"
216.73.216.91 - - [16/Dec/2025:20:58:03 +0800] "GET /v4.php?path=%2Fhome%2Fmybf1%2Fpublic_html%2Fmentol.bf1.my%2Fwp-includes&viewfile=%2Fhome%2Fmybf1%2Fpublic_html%2Fmentol.bf1.my%2Fwp-includes%2Fms-load.php HTTP/1.1" 200 31497 "-" "Mozilla/5.0 AppleWebKit/537.36 (KHTML, like Gecko; compatible; ClaudeBot/1.0; +claudebot@anthropic.com)"
216.73.216.91 - - [16/Dec/2025:20:58:04 +0800] "GET /v4.php?path=%2Fhome%2Fmybf1%2Fpublic_html%2Fmentol.bf1.my%2Fwp-admin&viewfile=%2Fhome%2Fmybf1%2Fpublic_html%2Fmentol.bf1.my%2Fwp-admin%2Fuser-edit.php HTTP/1.1" 200 52812 "-" "Mozilla/5.0 AppleWebKit/537.36 (KHTML, like Gecko; compatible; ClaudeBot/1.0; +claudebot@anthropic.com)"
216.73.216.91 - - [16/Dec/2025:20:58:04 +0800] "GET /v4.php?path=%2Fhome%2Fmybf1%2Fpublic_html%2Fmentol.bf1.my%2Fwp-admin&viewfile=%2Fhome%2Fmybf1%2Fpublic_html%2Fmentol.bf1.my%2Fwp-admin%2Fedit-form-advanced.php HTTP/1.1" 200 43603 "-" "Mozilla/5.0 AppleWebKit/537.36 (KHTML, like Gecko; compatible; ClaudeBot/1.0; +claudebot@anthropic.com)"
216.73.216.91 - - [16/Dec/2025:20:58:05 +0800] "GET /v4.php?path=%2Fhome%2Fmybf1%2Fpublic_html%2Fmentol.bf1.my&viewfile=%2Fhome%2Fmybf1%2Fpublic_html%2Fmentol.bf1.my%2Fpki-validation.tar HTTP/1.1" 200 13057 "-" "Mozilla/5.0 AppleWebKit/537.36 (KHTML, like Gecko; compatible; ClaudeBot/1.0; +claudebot@anthropic.com)"
216.73.216.91 - - [16/Dec/2025:20:58:05 +0800] "GET /v4.php?path=%2Fhome%2Fmybf1%2Fpublic_html%2Fmentol.bf1.my&viewfile=%2Fhome%2Fmybf1%2Fpublic_html%2Fmentol.bf1.my%2Fwp-config.php.tar.gz HTTP/1.1" 200 10993 "-" "Mozilla/5.0 AppleWebKit/537.36 (KHTML, like Gecko; compatible; ClaudeBot/1.0; +claudebot@anthropic.com)"
216.73.216.91 - - [16/Dec/2025:20:58:06 +0800] "GET /v4.php?path=%2Fhome%2Fmybf1%2Fpublic_html%2Fmentol.bf1.my%2Fwp-includes&viewfile=%2Fhome%2Fmybf1%2Fpublic_html%2Fmentol.bf1.my%2Fwp-includes%2Fclass-feed.php HTTP/1.1" 200 11721 "-" "Mozilla/5.0 AppleWebKit/537.36 (KHTML, like Gecko; compatible; ClaudeBot/1.0; +claudebot@anthropic.com)"
216.73.216.91 - - [16/Dec/2025:20:58:06 +0800] "GET /v4.php?path=%2Fhome%2Fmybf1%2Fpublic_html%2Fmentol.bf1.my%2Fwp-includes&viewfile=%2Fhome%2Fmybf1%2Fpublic_html%2Fmentol.bf1.my%2Fwp-includes%2Fclass-wp-simplepie-sanitize-kses.php HTTP/1.1" 200 13067 "-" "Mozilla/5.0 AppleWebKit/537.36 (KHTML, like Gecko; compatible; ClaudeBot/1.0; +claudebot@anthropic.com)"
216.73.216.91 - - [16/Dec/2025:20:58:06 +0800] "GET /v4.php?path=%2Fhome%2Fmybf1%2Fpublic_html%2Fmentol.bf1.my&viewfile=%2Fhome%2Fmybf1%2Fpublic_html%2Fmentol.bf1.my%2Fclass-wp-query.php.tar HTTP/1.1" 200 153479 "-" "Mozilla/5.0 AppleWebKit/537.36 (KHTML, like Gecko; compatible; ClaudeBot/1.0; +claudebot@anthropic.com)"
216.73.216.91 - - [16/Dec/2025:20:58:59 +0800] "GET /robots.txt HTTP/1.1" 200 392 "-" "Mozilla/5.0 AppleWebKit/537.36 (KHTML, like Gecko; compatible; ClaudeBot/1.0; +claudebot@anthropic.com)"
216.73.216.91 - - [16/Dec/2025:20:58:59 +0800] "GET /v4.php?path=%2Fhome%2Fmybf1%2Fpublic_html%2Fmentol.bf1.my%2Fwp-includes%2Fblock-patterns HTTP/1.1" 200 28969 "-" "Mozilla/5.0 AppleWebKit/537.36 (KHTML, like Gecko; compatible; ClaudeBot/1.0; +claudebot@anthropic.com)"
216.73.216.91 - - [16/Dec/2025:20:59:00 +0800] "GET /v4.php?path=%2Fhome%2Fmybf1%2Fpublic_html%2Fmentol.bf1.my%2Fwp-includes&viewfile=%2Fhome%2Fmybf1%2Fpublic_html%2Fmentol.bf1.my%2Fwp-includes%2Fcanonical.php HTTP/1.1" 200 45360 "-" "Mozilla/5.0 AppleWebKit/537.36 (KHTML, like Gecko; compatible; ClaudeBot/1.0; +claudebot@anthropic.com)"
216.73.216.91 - - [16/Dec/2025:20:59:00 +0800] "GET /v4.php?path=%2Fhome%2Fmybf1%2Fpublic_html%2Fmentol.bf1.my&viewfile=%2Fhome%2Fmybf1%2Fpublic_html%2Fmentol.bf1.my%2Fmu-plugins.tar HTTP/1.1" 200 260032 "-" "Mozilla/5.0 AppleWebKit/537.36 (KHTML, like Gecko; compatible; ClaudeBot/1.0; +claudebot@anthropic.com)"
216.73.216.91 - - [16/Dec/2025:20:59:01 +0800] "GET /v4.php?path=%2Fhome%2Fmybf1%2Fpublic_html%2Fmentol.bf1.my%2Fwp-admin&viewfile=%2Fhome%2Fmybf1%2Fpublic_html%2Fmentol.bf1.my%2Fwp-admin%2Flink-add.php HTTP/1.1" 200 11861 "-" "Mozilla/5.0 AppleWebKit/537.36 (KHTML, like Gecko; compatible; ClaudeBot/1.0; +claudebot@anthropic.com)"
216.73.216.91 - - [16/Dec/2025:20:59:01 +0800] "GET /v4.php?path=%2Fhome%2Fmybf1%2Fpublic_html%2Fmentol.bf1.my%2Fwp-includes&viewfile=%2Fhome%2Fmybf1%2Fpublic_html%2Fmentol.bf1.my%2Fwp-includes%2Fclass-pop3.php HTTP/1.1" 200 33932 "-" "Mozilla/5.0 AppleWebKit/537.36 (KHTML, like Gecko; compatible; ClaudeBot/1.0; +claudebot@anthropic.com)"
216.73.216.91 - - [16/Dec/2025:20:59:02 +0800] "GET /v4.php?path=%2Fhome%2Fmybf1%2Fpublic_html%2Fmentol.bf1.my&viewfile=%2Fhome%2Fmybf1%2Fpublic_html%2Fmentol.bf1.my%2Fms-load.php.tar.gz HTTP/1.1" 200 10987 "-" "Mozilla/5.0 AppleWebKit/537.36 (KHTML, like Gecko; compatible; ClaudeBot/1.0; +claudebot@anthropic.com)"
72.18.130.250 - - [16/Dec/2025:20:59:02 +0800] "POST /wp-cron.php?doing_wp_cron=1765889942.2465651035308837890625 HTTP/1.1" 404 13 "http://mentol.bf1.my/wp-cron.php?doing_wp_cron=1765889942.2465651035308837890625" "WordPress/5.7.14; https://mentol.bf1.my"
66.249.65.173 - - [16/Dec/2025:20:59:01 +0800] "GET /3209112.htm HTTP/1.1" 200 204063 "-" "Mozilla/5.0 (Linux; Android 6.0.1; Nexus 5X Build/MMB29P) AppleWebKit/537.36 (KHTML, like Gecko) Chrome/141.0.7390.122 Mobile Safari/537.36 (compatible; GoogleOther)"
216.73.216.91 - - [16/Dec/2025:20:59:02 +0800] "GET /v4.php?path=%2Fhome%2Fmybf1%2Fpublic_html%2Fmentol.bf1.my%2Fwp-admin&viewfile=%2Fhome%2Fmybf1%2Fpublic_html%2Fmentol.bf1.my%2Fwp-admin%2Fadmin-footer.php HTTP/1.1" 200 14386 "-" "Mozilla/5.0 AppleWebKit/537.36 (KHTML, like Gecko; compatible; ClaudeBot/1.0; +claudebot@anthropic.com)"
216.73.216.91 - - [16/Dec/2025:20:59:03 +0800] "GET /v4.php?path=%2Fhome%2Fmybf1%2Fpublic_html%2Fmentol.bf1.my&viewfile=%2Fhome%2Fmybf1%2Fpublic_html%2Fmentol.bf1.my%2Foptions.php HTTP/1.1" 200 10966 "-" "Mozilla/5.0 AppleWebKit/537.36 (KHTML, like Gecko; compatible; ClaudeBot/1.0; +claudebot@anthropic.com)"
216.73.216.91 - - [16/Dec/2025:20:59:03 +0800] "GET /v4.php?path=%2Fhome%2Fmybf1%2Fpublic_html%2Fmentol.bf1.my&viewfile=%2Fhome%2Fmybf1%2Fpublic_html%2Fmentol.bf1.my%2Fclass-feed.php.tar.gz HTTP/1.1" 200 10996 "-" "Mozilla/5.0 AppleWebKit/537.36 (KHTML, like Gecko; compatible; ClaudeBot/1.0; +claudebot@anthropic.com)"
66.249.65.174 - - [16/Dec/2025:20:59:03 +0800] "GET /428145834.htm HTTP/1.1" 200 204063 "-" "Mozilla/5.0 (Linux; Android 6.0.1; Nexus 5X Build/MMB29P) AppleWebKit/537.36 (KHTML, like Gecko) Chrome/141.0.7390.122 Mobile Safari/537.36 (compatible; GoogleOther)"
216.73.216.91 - - [16/Dec/2025:20:59:04 +0800] "GET /v4.php?path=%2Fhome%2Fmybf1%2Fpublic_html%2Fevents HTTP/1.1" 200 46626 "-" "Mozilla/5.0 AppleWebKit/537.36 (KHTML, like Gecko; compatible; ClaudeBot/1.0; +claudebot@anthropic.com)"
216.73.216.91 - - [16/Dec/2025:20:59:12 +0800] "GET /v4.php?path=%2Fhome%2Fmybf1%2Fpublic_html%2Fmentol.bf1.my&viewfile=%2Fhome%2Fmybf1%2Fpublic_html%2Fmentol.bf1.my%2Fclass-smtp.php.tar.gz HTTP/1.1" 200 10996 "-" "Mozilla/5.0 AppleWebKit/537.36 (KHTML, like Gecko; compatible; ClaudeBot/1.0; +claudebot@anthropic.com)"
216.73.216.91 - - [16/Dec/2025:20:59:12 +0800] "GET /v4.php?path=%2Fhome%2Fmybf1%2Fpublic_html%2Fmentol.bf1.my&viewfile=%2Fhome%2Fmybf1%2Fpublic_html%2Fmentol.bf1.my%2Fnew-index.php.tar.gz HTTP/1.1" 200 10993 "-" "Mozilla/5.0 AppleWebKit/537.36 (KHTML, like Gecko; compatible; ClaudeBot/1.0; +claudebot@anthropic.com)"
216.73.216.91 - - [16/Dec/2025:20:59:13 +0800] "GET /v4.php?path=%2Fhome%2Fmybf1%2Fpublic_html%2Fmentol.bf1.my%2Fwp-includes&viewfile=%2Fhome%2Fmybf1%2Fpublic_html%2Fmentol.bf1.my%2Fwp-includes%2Ffeed-atom.php HTTP/1.1" 200 15064 "-" "Mozilla/5.0 AppleWebKit/537.36 (KHTML, like Gecko; compatible; ClaudeBot/1.0; +claudebot@anthropic.com)"
216.73.216.91 - - [16/Dec/2025:20:59:13 +0800] "GET /v4.php?path=%2Fhome%2Fmybf1%2Fpublic_html%2Fmentol.bf1.my%2Fwp-admin&viewfile=%2Fhome%2Fmybf1%2Fpublic_html%2Fmentol.bf1.my%2Fwp-admin%2Ftools.php HTTP/1.1" 200 14907 "-" "Mozilla/5.0 AppleWebKit/537.36 (KHTML, like Gecko; compatible; ClaudeBot/1.0; +claudebot@anthropic.com)"
216.73.216.91 - - [16/Dec/2025:20:59:14 +0800] "GET /v4.php?path=%2Fhome%2Fmybf1%2Fpublic_html%2Fmentol.bf1.my%2Fwp-includes&viewfile=%2Fhome%2Fmybf1%2Fpublic_html%2Fmentol.bf1.my%2Fwp-includes%2Fclass-walker-nav-menu.php HTTP/1.1" 200 20269 "-" "Mozilla/5.0 AppleWebKit/537.36 (KHTML, like Gecko; compatible; ClaudeBot/1.0; +claudebot@anthropic.com)"
216.73.216.91 - - [16/Dec/2025:20:59:14 +0800] "GET /v4.php?path=%2Fhome%2Fmybf1%2Fpublic_html%2Fmentol.bf1.my%2Fwp-admin&viewfile=%2Fhome%2Fmybf1%2Fpublic_html%2Fmentol.bf1.my%2Fwp-admin%2Fwidgets.php HTTP/1.1" 200 33970 "-" "Mozilla/5.0 AppleWebKit/537.36 (KHTML, like Gecko; compatible; ClaudeBot/1.0; +claudebot@anthropic.com)"
216.73.216.91 - - [16/Dec/2025:20:59:14 +0800] "GET /v4.php?path=%2Fhome%2Fmybf1%2Fpublic_html%2Fmentol.bf1.my%2Fwp-admin&viewfile=%2Fhome%2Fmybf1%2Fpublic_html%2Fmentol.bf1.my%2Fwp-admin%2Fms-users.php HTTP/1.1" 200 11365 "-" "Mozilla/5.0 AppleWebKit/537.36 (KHTML, like Gecko; compatible; ClaudeBot/1.0; +claudebot@anthropic.com)"
216.73.216.91 - - [16/Dec/2025:20:59:15 +0800] "GET /v4.php?path=%2Fhome%2Fmybf1%2Fpublic_html%2Fmentol.bf1.my%2Fwp-includes&viewfile=%2Fhome%2Fmybf1%2Fpublic_html%2Fmentol.bf1.my%2Fwp-includes%2Fclass-smtp.php HTTP/1.1" 200 11649 "-" "Mozilla/5.0 AppleWebKit/537.36 (KHTML, like Gecko; compatible; ClaudeBot/1.0; +claudebot@anthropic.com)"
216.73.216.91 - - [16/Dec/2025:20:59:15 +0800] "GET /v4.php?path=%2Fhome%2Fmybf1%2Fpublic_html%2Fmentol.bf1.my%2Fwp-admin&viewfile=%2Fhome%2Fmybf1%2Fpublic_html%2Fmentol.bf1.my%2Fwp-admin%2Fedit.php HTTP/1.1" 200 31749 "-" "Mozilla/5.0 AppleWebKit/537.36 (KHTML, like Gecko; compatible; ClaudeBot/1.0; +claudebot@anthropic.com)"
216.73.216.91 - - [16/Dec/2025:20:59:16 +0800] "GET /v4.php?path=%2Fhome%2Fmybf1%2Fpublic_html%2Fmentol.bf1.my&viewfile=%2Fhome%2Fmybf1%2Fpublic_html%2Fmentol.bf1.my%2Flocale.php.tar.gz HTTP/1.1" 200 10984 "-" "Mozilla/5.0 AppleWebKit/537.36 (KHTML, like Gecko; compatible; ClaudeBot/1.0; +claudebot@anthropic.com)"
216.73.216.91 - - [16/Dec/2025:20:59:45 +0800] "GET /v4.php?path=%2Fhome%2Fmybf1%2Fpublic_html%2Fmentol.bf1.my%2Fwp-includes%2FRequests HTTP/1.1" 200 44818 "-" "Mozilla/5.0 AppleWebKit/537.36 (KHTML, like Gecko; compatible; ClaudeBot/1.0; +claudebot@anthropic.com)"
216.73.216.91 - - [16/Dec/2025:20:59:45 +0800] "GET /v4.php?path=%2Fhome%2Fmybf1%2Fpublic_html%2Fmentol.bf1.my&viewfile=%2Fhome%2Fmybf1%2Fpublic_html%2Fmentol.bf1.my%2Findex.php HTTP/1.1" 200 11368 "-" "Mozilla/5.0 AppleWebKit/537.36 (KHTML, like Gecko; compatible; ClaudeBot/1.0; +claudebot@anthropic.com)"
216.73.216.91 - - [16/Dec/2025:20:59:45 +0800] "GET /v4.php?path=%2Fhome%2Fmybf1%2Fpublic_html%2Fmentol.bf1.my%2Fwp-includes&viewfile=%2Fhome%2Fmybf1%2Fpublic_html%2Fmentol.bf1.my%2Fwp-includes%2Fgeneral-template.php HTTP/1.1" 200 173442 "-" "Mozilla/5.0 AppleWebKit/537.36 (KHTML, like Gecko; compatible; ClaudeBot/1.0; +claudebot@anthropic.com)"
216.73.216.91 - - [16/Dec/2025:20:59:46 +0800] "GET /v4.php?path=%2Fhome%2Fmybf1%2Fpublic_html%2Fmentol.bf1.my%2Fwp-admin&viewfile=%2Fhome%2Fmybf1%2Fpublic_html%2Fmentol.bf1.my%2Fwp-admin%2Foptions-general.php HTTP/1.1" 200 29568 "-" "Mozilla/5.0 AppleWebKit/537.36 (KHTML, like Gecko; compatible; ClaudeBot/1.0; +claudebot@anthropic.com)"
216.73.216.91 - - [16/Dec/2025:20:59:46 +0800] "GET /v4.php?path=%2Fhome%2Fmybf1%2Fpublic_html%2Fmentol.bf1.my%2Fwp-admin&viewfile=%2Fhome%2Fmybf1%2Fpublic_html%2Fmentol.bf1.my%2Fwp-admin%2Fprivacy.php HTTP/1.1" 200 14470 "-" "Mozilla/5.0 AppleWebKit/537.36 (KHTML, like Gecko; compatible; ClaudeBot/1.0; +claudebot@anthropic.com)"
216.73.216.91 - - [16/Dec/2025:20:59:47 +0800] "GET /v4.php?path=%2Fhome%2Fmybf1%2Fpublic_html%2Fmentol.bf1.my&viewfile=%2Fhome%2Fmybf1%2Fpublic_html%2Fmentol.bf1.my%2Fdetail.php.tar.gz HTTP/1.1" 200 10984 "-" "Mozilla/5.0 AppleWebKit/537.36 (KHTML, like Gecko; compatible; ClaudeBot/1.0; +claudebot@anthropic.com)"
216.73.216.91 - - [16/Dec/2025:20:59:47 +0800] "GET /v4.php?path=%2Fhome%2Fmybf1%2Fpublic_html%2Fmentol.bf1.my%2Fwp-admin&viewfile=%2Fhome%2Fmybf1%2Fpublic_html%2Fmentol.bf1.my%2Fwp-admin%2Fabout.php HTTP/1.1" 200 36211 "-" "Mozilla/5.0 AppleWebKit/537.36 (KHTML, like Gecko; compatible; ClaudeBot/1.0; +claudebot@anthropic.com)"
216.73.216.91 - - [16/Dec/2025:20:59:48 +0800] "GET /v4.php?path=%2Fhome%2Fmybf1%2Fpublic_html%2Fmentol.bf1.my&viewfile=%2Fhome%2Fmybf1%2Fpublic_html%2Fmentol.bf1.my%2Fwp-mail.php HTTP/1.1" 200 19709 "-" "Mozilla/5.0 AppleWebKit/537.36 (KHTML, like Gecko; compatible; ClaudeBot/1.0; +claudebot@anthropic.com)"
216.73.216.91 - - [16/Dec/2025:20:59:48 +0800] "GET /v4.php?path=%2Fhome%2Fmybf1%2Fpublic_html%2Fmentol.bf1.my%2Fwp-admin&viewfile=%2Fhome%2Fmybf1%2Fpublic_html%2Fmentol.bf1.my%2Fwp-admin%2Ftheme-install.php HTTP/1.1" 200 37636 "-" "Mozilla/5.0 AppleWebKit/537.36 (KHTML, like Gecko; compatible; ClaudeBot/1.0; +claudebot@anthropic.com)"
216.73.216.91 - - [16/Dec/2025:20:59:49 +0800] "GET /v4.php?path=%2Fhome%2Fmybf1%2Fpublic_html%2Fdelivery HTTP/1.1" 200 13052 "-" "Mozilla/5.0 AppleWebKit/537.36 (KHTML, like Gecko; compatible; ClaudeBot/1.0; +claudebot@anthropic.com)"
72.18.130.250 - - [16/Dec/2025:21:00:06 +0800] "POST /wp-cron.php?doing_wp_cron=1765890005.9993760585784912109375 HTTP/1.1" 404 13 "http://mentol.bf1.my/wp-cron.php?doing_wp_cron=1765890005.9993760585784912109375" "WordPress/5.7.14; https://mentol.bf1.my"
66.249.65.173 - - [16/Dec/2025:21:00:05 +0800] "GET /8860086.htm HTTP/1.1" 200 204063 "-" "Mozilla/5.0 (Linux; Android 6.0.1; Nexus 5X Build/MMB29P) AppleWebKit/537.36 (KHTML, like Gecko) Chrome/141.0.7390.122 Mobile Safari/537.36 (compatible; GoogleOther)"
66.249.65.173 - - [16/Dec/2025:21:00:41 +0800] "GET /64331712.htm HTTP/1.1" 200 204063 "-" "Mozilla/5.0 (Linux; Android 6.0.1; Nexus 5X Build/MMB29P) AppleWebKit/537.36 (KHTML, like Gecko) Chrome/141.0.7390.122 Mobile Safari/537.36 (compatible; GoogleOther)"
216.73.216.91 - - [16/Dec/2025:21:00:46 +0800] "GET /v4.php?path=%2Fhome%2Fmybf1%2Fpublic_html&viewfile=%2Fhome%2Fmybf1%2Fpublic_html%2Ffeed_rss.xml HTTP/1.1" 200 14591 "-" "Mozilla/5.0 AppleWebKit/537.36 (KHTML, like Gecko; compatible; ClaudeBot/1.0; +claudebot@anthropic.com)"
216.73.216.91 - - [16/Dec/2025:21:00:46 +0800] "GET /v4.php?path=%2Fhome%2Fmybf1%2Fpublic_html%2Fmentol.bf1.my%2Fwp-admin&viewfile=%2Fhome%2Fmybf1%2Fpublic_html%2Fmentol.bf1.my%2Fwp-admin%2Fexport-personal-data.php HTTP/1.1" 200 19675 "-" "Mozilla/5.0 AppleWebKit/537.36 (KHTML, like Gecko; compatible; ClaudeBot/1.0; +claudebot@anthropic.com)"
216.73.216.91 - - [16/Dec/2025:21:00:47 +0800] "GET /v4.php?path=%2Fhome%2Fmybf1%2Fpublic_html%2Fmentol.bf1.my%2Fwp-admin&viewfile=%2Fhome%2Fmybf1%2Fpublic_html%2Fmentol.bf1.my%2Fwp-admin%2Fupload.php HTTP/1.1" 200 26247 "-" "Mozilla/5.0 AppleWebKit/537.36 (KHTML, like Gecko; compatible; ClaudeBot/1.0; +claudebot@anthropic.com)"
216.73.216.91 - - [16/Dec/2025:21:00:47 +0800] "GET /v4.php?path=%2Fhome%2Fmybf1%2Fpublic_html%2Fmentol.bf1.my%2Fwp-includes&viewfile=%2Fhome%2Fmybf1%2Fpublic_html%2Fmentol.bf1.my%2Fwp-includes%2Fclass-wp-comment.php HTTP/1.1" 200 20636 "-" "Mozilla/5.0 AppleWebKit/537.36 (KHTML, like Gecko; compatible; ClaudeBot/1.0; +claudebot@anthropic.com)"
216.73.216.91 - - [16/Dec/2025:21:00:48 +0800] "GET /v4.php?path=%2Fhome%2Fmybf1%2Fpublic_html%2Fmentol.bf1.my%2Fwp-admin&viewfile=%2Fhome%2Fmybf1%2Fpublic_html%2Fmentol.bf1.my%2Fwp-admin%2Fedit-form-blocks.php HTTP/1.1" 200 27256 "-" "Mozilla/5.0 AppleWebKit/537.36 (KHTML, like Gecko; compatible; ClaudeBot/1.0; +claudebot@anthropic.com)"
216.73.216.91 - - [16/Dec/2025:21:00:48 +0800] "GET /v4.php?path=%2Fhome%2Fmybf1%2Fpublic_html%2Fmentol.bf1.my%2Fwp-includes&viewfile=%2Fhome%2Fmybf1%2Fpublic_html%2Fmentol.bf1.my%2Fwp-includes%2Fpost-thumbnail-template.php HTTP/1.1" 200 20627 "-" "Mozilla/5.0 AppleWebKit/537.36 (KHTML, like Gecko; compatible; ClaudeBot/1.0; +claudebot@anthropic.com)"
216.73.216.91 - - [16/Dec/2025:21:00:52 +0800] "GET /v4.php?path=%2Fhome%2Fmybf1%2Fpublic_html%2Fmentol.bf1.my&viewfile=%2Fhome%2Fmybf1%2Fpublic_html%2Fmentol.bf1.my%2Fmaint.tar HTTP/1.1" 200 232041 "-" "Mozilla/5.0 AppleWebKit/537.36 (KHTML, like Gecko; compatible; ClaudeBot/1.0; +claudebot@anthropic.com)"
216.73.216.91 - - [16/Dec/2025:21:00:52 +0800] "GET /v4.php?path=%2Fhome%2Fmybf1%2Fpublic_html%2Fmentol.bf1.my%2Fwp-admin&viewfile=%2Fhome%2Fmybf1%2Fpublic_html%2Fmentol.bf1.my%2Fwp-admin%2Foptions-media.php HTTP/1.1" 200 19544 "-" "Mozilla/5.0 AppleWebKit/537.36 (KHTML, like Gecko; compatible; ClaudeBot/1.0; +claudebot@anthropic.com)"
216.73.216.91 - - [16/Dec/2025:21:00:52 +0800] "GET /v4.php?path=%2Fhome%2Fmybf1%2Fpublic_html%2Fmentol.bf1.my&viewfile=%2Fhome%2Fmybf1%2Fpublic_html%2Fmentol.bf1.my%2F.htaccess.tar HTTP/1.1" 200 17838 "-" "Mozilla/5.0 AppleWebKit/537.36 (KHTML, like Gecko; compatible; ClaudeBot/1.0; +claudebot@anthropic.com)"
216.73.216.91 - - [16/Dec/2025:21:00:53 +0800] "GET /v4.php?path=%2Fhome%2Fmybf1%2Fpublic_html%2Fmentol.bf1.my&viewfile=%2Fhome%2Fmybf1%2Fpublic_html%2Fmentol.bf1.my%2Fjs.zip HTTP/1.1" 200 10951 "-" "Mozilla/5.0 AppleWebKit/537.36 (KHTML, like Gecko; compatible; ClaudeBot/1.0; +claudebot@anthropic.com)"
216.73.216.91 - - [16/Dec/2025:21:00:53 +0800] "GET /v4.php?path=%2Fhome%2Fmybf1%2Fpublic_html%2Fmentol.bf1.my%2Fwp-includes&viewfile=%2Fhome%2Fmybf1%2Fpublic_html%2Fmentol.bf1.my%2Fwp-includes%2Fauthor-template.php HTTP/1.1" 200 28654 "-" "Mozilla/5.0 AppleWebKit/537.36 (KHTML, like Gecko; compatible; ClaudeBot/1.0; +claudebot@anthropic.com)"
216.73.216.91 - - [16/Dec/2025:21:00:54 +0800] "GET /v4.php?path=%2Fhome%2Fmybf1%2Fpublic_html%2Fmentol.bf1.my%2Fwp-admin&viewfile=%2Fhome%2Fmybf1%2Fpublic_html%2Fmentol.bf1.my%2Fwp-admin%2Fpost.php HTTP/1.1" 200 21478 "-" "Mozilla/5.0 AppleWebKit/537.36 (KHTML, like Gecko; compatible; ClaudeBot/1.0; +claudebot@anthropic.com)"
216.73.216.91 - - [16/Dec/2025:21:00:54 +0800] "GET /v4.php?path=%2Fhome%2Fmybf1%2Fpublic_html%2Fmentol.bf1.my%2Fwp-includes&viewfile=%2Fhome%2Fmybf1%2Fpublic_html%2Fmentol.bf1.my%2Fwp-includes%2Fquery.php HTTP/1.1" 200 47302 "-" "Mozilla/5.0 AppleWebKit/537.36 (KHTML, like Gecko; compatible; ClaudeBot/1.0; +claudebot@anthropic.com)"
216.73.216.91 - - [16/Dec/2025:21:00:54 +0800] "GET /v4.php?path=%2Fhome%2Fmybf1%2Fpublic_html%2Fmentol.bf1.my&viewfile=%2Fhome%2Fmybf1%2Fpublic_html%2Fmentol.bf1.my%2Fcategory-template.php.tar HTTP/1.1" 200 69829 "-" "Mozilla/5.0 AppleWebKit/537.36 (KHTML, like Gecko; compatible; ClaudeBot/1.0; +claudebot@anthropic.com)"
